
-12
What is the value of (233 - 258) + (1 - (1 + 0)) + 4?
-21
What is the value of -30 + (-37 - -9 - -73)?
15
What is the value of 18 + -71 + 62 + 1 + (13 - 0)?
23
Calculate (-6 - -1) + (1 - 8) + 5 - -6.
-1
Calculate -3 - 2 - (44 - 39).
-10
What is the value of 2 + 0 + (-8 - -10) + -3?
1
What is -2 - ((25 - 23) + 2 + 1 - 2)?
-5
What is the value of (1 - 33 - ((6 - 19) + 3)) + 7?
-15
Evaluate (-1 + -2 - (-5 + -14)) + -4.
12
What is 5 - (1 - (-5 - -10))?
9
What is 0 + (-47 + 44 - (6 - -2))?
-11
Evaluate -12 - ((-21 - -1) + 57 + -29).
-20
-729 - -759 - (0 + 7)
23
Calculate 6 - (21 + (7 - 8) + -5).
-9
What is 1 + -10 - (154 + -160)?
-3
What is 3 + -6 + -5 + -7 - -8?
-7
What is the value of -10 + 2 + (-80 + 93 - (-2 - 0))?
7
What is -2 + (4 - 2) + (24 - 14)?
10
What is the value of (-39 - -44) + (-4 - 1) + (-3 - -23)?
20
Calculate 6 + -4 + 1 + (90 - 82).
11
What is ((3 - 24) + (11 - 14) - -8) + 1?
-15
4 - (4 + (2 - (0 + -2))) - -6
2
Calculate 3 + 0 + -2 + 4 + -74 + 63.
-6
What is the value of -25 + 28 + -14 + (-1 - (2 - 39))?
25
0 + 7 + (7 - 3 - 12) + 6
5
What is (-10 - -1) + 8 - ((2 - 5) + 0)?
2
Calculate 61 + -35 + -7 + -3 + 2.
18
-1 + 3 + 13 + -32
-17
What is -1 - (-4 + -23) - (23 - 13)?
16
Evaluate 7 + (3 + (-14 - -5) - -1) + 5.
7
-9 + (-9 - (7 + -10))
-15
What is -2 + 3 + -4 - -14 - (3 - -3)?
5
What is -17 + 41 + -2 + -2 - -3?
23
What is -6 - 16 - (-26 + 11)?
-7
-15 + 0 + 1 + (-458 - -438)
-34
-5 + -10 + 13 - (2 - 4)
0
What is (26 - (-16 - -22)) + (-3 - (2 - 15))?
30
Evaluate 6 - (3 - 23 - -29).
-3
-5 + 6 + (-5 - 1) + (1 - 7)
-11
Evaluate 4 - 6 - (1 + (-6 - 2) - -3).
2
-13 - (7 + (0 - 25) - (21 + -32))
-6
What is the value of 31 - 31 - (7 + 1) - -16?
8
22 + 3 + (7 - 11 - 2) + 0
19
-3 + (3 - (-1 - 2)) + -3 - -7
7
Evaluate 34 - (64 + -12) - 0.
-18
Evaluate (3 - (-2 - (4 + -1))) + -3 + -16.
-11
0 + -2 + 1 + 2 - (-2 + 10)
-7
24 + 2 + -730 + 702
-2
What is (-3 - (-5 - -13)) + 10?
-1
Calculate 23 - (31 + 21 + -19).
-10
Evaluate -9 + 1 - (-92 - -80).
4
What is (-38 - -50) + (-9 - -1) + (-5 - -9)?
8
What is the value of -2 - (18 - 29 - -12)?
-3
(20 - 43) + 43 + -24
-4
What is the value of 5 - (28 + -14 - (9 - 1 - 0))?
-1
(-14 - -1) + 4 + -47 + 61
5
-1 + -8 + (-7 - -34 - 40)
-22
Calculate (10 - -3) + (10 - 48).
-25
-6 + -4 + 11 + 3 - (1 - -14)
-11
Evaluate (-14 - -5) + 7 - 9.
-11
Evaluate 22 + -4 - (-19 + 0 + 14).
23
What is the value of 15 - (11 - 1 - (-9 + (8 - -5)))?
9
Calculate 7 + -5 + (-3 - 14) + 44.
29
What is the value of -4 + 5 + -3 - (40 + -56)?
14
Calculate (-4 - -3) + 3 + (33 - 35) - 0.
0
Evaluate 158 - 141 - (2 - (1 + -2)).
14
Calculate (-1 - 6) + 32 + -33 + 20.
12
Evaluate 8 + 22 + (5 - 3) + (-1 - -1).
32
Calculate 0 - 10 - ((6 - (1 - -3)) + -5).
-7
What is ((7 - 4) + 6 - 6) + 9?
12
What is -5 - 0 - (-13 + 9 - (-4 + 3))?
-2
What is 3 + -10 - (-12 + 14)?
-9
Evaluate -11 + 7 - 7 - ((-2 - 3) + 2).
-8
Calculate 6 - (2 - -7 - -5).
-8
Calculate (0 - (4 + -11)) + -23.
-16
12 - (-6 - -27 - 9)
0
Calculate -38 + (38 - 16) - -6.
-10
What is the value of -11 - -28 - 11 - 20?
-14
5 - (0 - (-7 - -17))
15
Evaluate 0 - (-6 + 25 + -1) - -14.
-4
What is the value of (-2 + -17 - -50) + -20?
11
Calculate (4 - (3 - -6)) + -1 - (5 + -10).
-1
Calculate (-2 - (5 + 4 + -5)) + 4 + -3.
-5
What is the value of (41 - 12) + -11 + 0 + -8 + 2?
12
(-3 - -4) + (-15 + -4 - -6 - 4)
-16
Calculate (-1 - -62) + 1027 + -1059.
29
Evaluate 7 - ((0 - 14) + 15).
6
(2 - (1 - 2)) + (-1 - 5)
-3
Evaluate -26 + 34 + -38 + 54.
24
-5 - (4 + (10 - (7 + 2)) - 21)
11
What is the value of -15 - (9 - (-1 - 2 - (-3 - 11)))?
-13
4 + 1 + (-30 - -31) + -16
-10
What is the value of 8 - (19 + (2 - 10))?
-3
What is 66 + -50 - (-11 - -5) - (1 - -6)?
15
What is the value of -14 - -26 - (5 + -3 + 11)?
-1
Evaluate -17 + 2 + 3 + 5.
-7
3 + ((31 - 15) + -10 - 20)
-11
Calculate -53 + (25 - -17) + 0 + 0.
-11
What is the value of -31 + 12 + 9 + 12?
2
-130 - -131 - (33 + 3)
-35
Evaluate (-80 - -84) + (-14 - 0) + (19 - 23).
-14
Calculate 1 + (1 - (8 - (-3 + 9))) + 6.
6
What is the value of (-1 - 21) + (28 - -16 - 38)?
-16
Calculate (-18 - -7) + 5 + (4 + -2 - -2).
-2
Evaluate 5 + -1 - (37 - 23 - 12).
2
What is the value of 0 - (-27 + 36 - (10 - 0))?
1
37 + 13 + 5 + -34
21
62 + -37 + -13 + 6
18
(-8 + 22 + 1 - 2) + -11
2
What is (5 - 7) + -7 - (8 - 28)?
11
Calculate -2 - (0 - -16 - 7 - 12).
1
Evaluate -4 + 16 + (-5 - (-3 + -1)).
11
-4 + (-24 - -62 - 18)
16
What is 9 - (-37 - (-88 - -43))?
1
Evaluate -3 - (-9 + 28 + -6).
-16
What is the value of -17 - (14 - (8 + 11) - -6)?
-18
What is the value of -8 - (-6 + 7 + 1 + 0)?
-10
What is 43 - 39 - (6 + 26 + -5)?
-23
13 - (5 + (-11 - -23) + 16)
-20
Calculate 10 - 25 - (-1 - 2).
-12
What is the value of (3 - (10 + -5)) + (0 + 12 - -3)?
13
What is -219 - -217 - (1 + 16)?
-19
Calculate -47 - (-47 - (25 - 45)).
-20
What is the value of -12 + 28 + -11 - 12?
-7
Evaluate (43 - 1) + -3 + (1 - 23) + 22.
39
What is -21 + (9 - (5 - (-4 - -8)))?
-13
What is the value of 6 - ((-8 + 1 - 3) + 6)?
10
Calculate -9 + -2 + 4 - (21 - (-5 - -15)).
-18
What is the value of 31 + 58 + -93 + (-1 - 9)?
-14
What is the value of 5 + (-232 - -231 - (0 - (7 + 0)))?
11
Calculate 12 + -9 - 0 - -5.
8
What is (48 - 57) + 2 + 6?
-1
Calculate (6 - (-29 - -20)) + -14.
1
Evaluate (4 - 12) + -4 + -5 + 0.
-17
What is the value of -58 - -4 - (467 - 484)?
-37
What is the value of 6 + -1 - (4 + -1 + (-40 - -56))?
-14
-13 - (-17 - (34 + -31))
7
Evaluate (9 + 6 - 41) + 15.
-11
Calculate 42 - 18 - (-30 + 54).
0
What is -24 - (-1 + (1 - -4) + -11)?
-17
Evaluate 0 - 1 - (222 - 212).
-11
-10 + -1 + (-3 + 2 - (30 + -38))
-4
Calculate 1 - (0 - -1 - 11) - (-33 - -24).
20
-5 - (1 - 2) - (2 - -11 - 0)
-17
Evaluate 20 + -7 - (18 - -1).
-6
Calculate (-5 - (-6 + -4 + 6)) + -7.
-8
Evaluate (-11 - -4) + 46 + (2 + -2 - 8).
31
What is the value of (10 - 15) + -14 + -10 + 3?
-26
What is 17 + 0 - (-398 - -412)?
3
Calculate (0 - (1 - 1) - (-14 + 14)) + 11.
11
What is 11 + 22 + 10 - 16?
27
What is the value of -4 + (-21 + 11 - -36) - 6?
16
Calculate (7 + -20 + 13 - (0 + 3)) + 6.
3
What is (10 - 3 - (-12 + 12)) + -2?
5
What is -15 + -1 - (-3 + 17 + -13)?
-17
(-20 - (0 + -13)) + 33 + -2
24
What is (8 - 1) + (-18 - -80 - 66)?
3
Evaluate -11 - (51 - (-12 + 42)).
-32
What is the value of -13 + (9 - -39) + -34?
1
What is 5 - (6 + -7 + 4 + (-5 - -7))?
0
What is 1 + -8 + (19 - 16)?
-4
What is -5 - 9 - (26 - (12 + 1))?
-27
What is -3 + 23 + 29 + -42 + -20?
-13
What is the value of 4 - ((7 - 27) + -6 + 13)?
17
What is 28 + -12 - (26 - 3)?
-7
27 - (16 + -1) - (-2 + -8 + 2)
20
-8 - ((0 + -1 - -4) + 3)
-14
What is (-25 + 13 - -24) + -31?
-19
Calculate 5 + (-27 + 31 - (2 - 0)).
7
Evaluate 0 - -1 - (-23 - (8 - 22)).
10
Evaluate (6 - (-22 - -43)) + 0 + -2.
-17
11 - 3 - -1 - (-11 + (-43 - -36))
27
Evaluate 5 - (-9 + 18 + 3) - 5.
-12
Calculate 49 + -10 + (107 - 118).
28
Evaluate 26 + -11 + (-25 - 3).
-13
Evaluate -6 + 8 - (-14 + (19 - 6)).
3
What is -28 - ((-36 + 17 - -16) + 4 + 0)?
-29
What is the value of 7 + (-8 - -20 - 0) - 10?
9
Calculate -23 - 3 - (-40 - 2).
16
What is the value of (-4 - (-6 + 3)) + (2 + -8 - 9)?
-16
What is the value of (1 - (1 - -15) - (-1655 - -1651)) + 23?
12
What is (0 - -15) + -20 - (11 - -1)?
-17
What is the value of 0 + -13 + 9 + 7?
3
0 - (-12 - -14) - -3
1
What is 1 - -11 - (16 - (2 + 6) - 4)?
8
(0 - (-6 + 2) - (160 - 154)) + 17
15
Calculate -1 - (19 + -27 - 7).
14
Calculate 22 - (-13 - (1 + (0 - -5 - 13))).
28
Evaluate 16 + -35 + 17 + 3.
1
Calculate (-5 + 3 - 1) + 11 + 10.
18
What is -5 + 7 + (-5 - (7 + -10))?
0
What is 2 + -2 + -41 - (-51 - -39)?
-29
-20 + (-11 + 32 - 11)
-10
What is the value of 5 - 30 - (-10 + -4)?
-11
Evaluate (-5 - -20) + 7 - 6.
16
What is 6 + 3 - 4 - (-1 - -13)?
-7
What is -1 + 2 - (-1 - (3 + 0))?
5
Calculate (-7 - (62 - 35)) + 26.
-8
Evaluate (-19 - -16) + -6 + 4 - (6 + 3).
-14
Calculate -23 - (23 + -17 - 13).
-16
What is 5 - ((19 - 7) + 1 - (1 - -1))?
-6
(-345 - -338) + (-1 - -20)
12
Calculate -12 + 1 + (12 - 7).
-6
What is the value of -9 + -5 + 6 - (3 + -4)?
-7
(15 - 12) + -14 + 11 - -27
27
Calculate 9 - 4 - (68 - 73).
10
Evaluate 11 + (1 - 6) - (-1 + 12 + -12).
7
What is -29 + -22 - -43 - (2 + 0 - 10)?
0
Evaluate -1 - -4 - (7 - (30 - 27)).
-1
(36 - (-26 - -49)) + -26
-13
What is -5 + 26 +